484137 a prime number?
True
Is 789793 composite?
False
Is 1620233 composite?
False
Is 1430413 composite?
False
Is 113103933 a prime number?
False
Is 1468167 a prime number?
False
Is 1772359 a composite number?
False
Is 1612757 a prime number?
False
Is 10636467 a composite number?
True
Is 2762147 a composite number?
False
Is 741919 prime?
False
Is 67804717 composite?
True
Is 2376301 a prime number?
True
Is 2767279 a prime number?
True
Is 9207619 a prime number?
True
Is 25657 prime?
True
Is 305069 prime?
True
Is 22481117 composite?
False
Is 28836439 prime?
True
Is 63212549 prime?
False
Is 239957717 a prime number?
True
Is 2347661 prime?
False
Is 8868581 composite?
False
Is 36898177 a prime number?
False
Is 1601551 a prime number?
False
Is 115922273 a prime number?
True
Is 764437 composite?
True
Is 39223841 a prime number?
True
Is 32962873 a composite number?
True
Is 6614323 a composite number?
False
Is 55096559 composite?
True
Is 4799189 a prime number?
True
Is 513596471 a composite number?
False
Is 25787599 composite?
False
Is 76692351 composite?
True
Is 359377 a prime number?
True
Is 17253233 a prime number?
True
Is 555915499 composite?
False
Is 953387 a prime number?
False
Is 14753623 composite?
False
Is 190304461 composite?
True
Is 241611359 prime?
False
Is 432532387 composite?
True
Is 1742647 a composite number?
False
Is 950149 prime?
True
Is 965238281 composite?
True
Is 27368905 a composite number?
True
Is 81722023 a prime number?
True
Is 4578361 prime?
True
Is 8658217 prime?
True
Is 13851771 prime?
False
Is 2280381703 prime?
True
Is 152987773 composite?
True
Is 31848359 a prime number?
True
Is 6194591 prime?
False
Is 858593 a composite number?
True
Is 226266941 a prime number?
True
Is 2141297 prime?
True
Is 57188123 prime?
True
Is 664108321 composite?
False
Is 67101 composite?
True
Is 6276433 prime?
True
Is 1383797 prime?
True
Is 25243591 a prime number?
True
Is 2711287 composite?
False
Is 7708955 prime?
False
Is 8100481 a composite number?
False
Is 190675473 composite?
True
Is 457034195 composite?
True
Is 10918799 a composite number?
False
Is 62405711 a composite number?
False
Is 16163383 composite?
True
Is 2729851 prime?
False
Is 24174047 prime?
False
Is 1574039 prime?
True
Is 433812449 composite?
True
Is 2292623 a prime number?
True
Is 5730121 a composite number?
False
Is 4717717 composite?
False
Is 42450643 a prime number?
True
Is 1980743 a composite number?
False
Is 34004071 a composite number?
False
Is 2944699 a prime number?
True
Is 1824709 a composite number?
True
Is 4954771 a composite number?
False
Is 635419 a prime number?
False
Is 3986497 a composite number?
False
Is 3716261 composite?
True
Is 17753254 a composite number?
True
Is 1184119 prime?
True
Is 55239551 prime?
False
Is 4520089 prime?
False
Is 1240531 composite?
True
Is 2977441 composite?
False
Is 15615907 composite?
False
Is 20529259 a prime number?
True
Is 3590273 prime?
False
Is 4258559 prime?
False
Is 170473669 a composite number?
True
Is 161754803 a prime number?
False
Is 49396817 composite?
False
Is 3327157 a prime number?
False
Is 3697579 a composite number?
False
Is 82104811 a prime number?
False
Is 11274143 a prime number?
True
Is 8219919 prime?
False
Is 853243 prime?
False
Is 41255503 a composite number?
False
Is 299734393 composite?
True
Is 59473159 prime?
False
Is 7289419 a composite number?
True
Is 4248611 composite?
False
Is 42657523 composite?
False
Is 5331793 a composite number?
True
Is 86970439 a composite number?
False
Is 13494662 a composite number?
True
Is 3306197 a composite number?
True
Is 208991 a composite number?
False
Is 3858461 a composite number?
False
Is 76256069 composite?
False
Is 71559949 prime?
True
Is 390323 composite?
False
Is 238004749 a composite number?
False
Is 1387499 a composite number?
False
Is 6020306 a composite number?
True
Is 62704963 composite?
False
Is 47259715 prime?
False
Is 4871017 a prime number?
True
Is 5158847 prime?
True
Is 3888127 composite?
True
Is 2646071 a prime number?
True
Is 6342499 a composite number?
False
Is 4734983 a prime number?
False
Is 74114897 composite?
False
Is 6093506 prime?
False
Is 315671 composite?
False
Is 3770989 a prime number?
True
Is 2034869 composite?
False
Is 2706857 a composite number?
False
Is 7233157 composite?
True
Is 681829111 prime?
True
Is 394863979 prime?
True
Is 1554851 prime?
False
Is 6077923 prime?
False
Is 176395 a prime number?
False
Is 13663789 prime?
False
Is 6073433 prime?
False
Is 19550573 a composite number?
True
Is 1961573 a composite number?
True
Is 4561363 a prime number?
True
Is 281509 composite?
False
Is 36958853 prime?
True
Is 4599059 composite?
False
Is 380032799 composite?
False
Is 22615963 prime?
False
Is 19808017 a composite number?
False
Is 929767 prime?
False
Is 160404919 a prime number?
True
Is 60326771 prime?
True
Is 9152071 composite?
True
Is 1212973 a composite number?
False
Is 1624317 prime?
False
Is 503232715 a composite number?
True
Is 71634829 a composite number?
True
Is 5950613 prime?
False
Is 138413 a prime number?
False
Is 417005723 composite?
False
Is 624677 a composite number?
True
Is 20622137 prime?
False
Is 2184047 a composite number?
False
Is 2786107 prime?
False
Is 7938971 composite?
True
Is 1127929 a composite number?
True
Is 3159853 a prime number?
True
Is 18230543 a composite number?
False
Is 2197241 a prime number?
True
Is 44402239 prime?
False
Is 43314019 a composite number?
True
Is 5336603 prime?
False
Is 594233 a prime number?
False
Is 7699301 a composite number?
True
Is 8242151 a prime number?
False
Is 2116793 prime?
False
Is 517385481 prime?
False
Is 25308154 a composite number?
True
Is 147057353 a composite number?
False
Is 9447907 a composite number?
True
Is 58401521 a composite number?
False
Is 75096299 prime?
False
Is 75089519 a composite number?
True
Is 148629809 a prime number?
False
Is 151200197 a prime number?
True
Is 93141511 prime?
False
Is 23014831 prime?
False
Is 25610257 composite?
False
Is 5704081 a composite number?
False
Is 28038211 a prime number?
True
Is 237845 prime?
False
Is 3491119 a prime number?
True
Is 1123583 composite?
True
Is 32243513 composite?
True
Is 21032597 a composite number?
True
Is 2367427 composite?
False
Is 2973479 prime?
True
Is 660931 a prime number?
False
Is 6897351 prime?
False
Is 168667 a prime number?
False
Is 1869823 prime?
True
Is 2941733 prime?
True
Is 2529391 a composite number?
False
Is 3049073 prime?
True
Is 125490997 a prime number?
True
Is 319277113 a prime number?
False
Is 10940119 composite?
False
Is 12239897 a composite number?
False
Is 508962957 a composite number?
True
Is 38568253 a composite number?
False
Is 2628779 a composite number?
False
Is 46170343 a composite number?
False
Is 7280491 a composite number?
False
Is 260911 prime?
False
Is 35320729 composite?
False
Is 2087149 a composite number?
True
Is 1316274819 a composite number?
True
Is 353237 a composite number?
False
Is 108578551 composite?
True
Is 42768691 a prime number?
False
Is 34413374 composite?
True
Is 799171 a composite number?
False
Is 118937813 composite?
False
Is 124616143 prime?
True
Is 195233191 prime?
False
Is 81121 a composite number?
True
Is 276507079 prime?
True
Is 5727889 a composite number?
False
Is 239987107 a prime number?
False
Is 35371361 a composite number?
False
Is 43129543 composite?
False
Is 5135503 a prime number?
True
Is 27070247 a composite number?
True
Is 69034157 composite?
False
Is 19208971 composite?
False
Is 4720402 composite?
True
Is 2886239 prime?
True
Is 666641 composite?
True
Is 5726989 a prime number?
False
Is 58640105 a prime number?
False
Is 7300102 prime?
False
Is 82770643 a prime number?
True
Is 11878709 a prime number?
True
Is 2972591 prime?
False
Is 14955613 a prime number?
True
Is 68446577 prime?
False
Is 3582379 a prime number?
False
Is 33856463 composite?
False
Is 467456371 prime?
False
Is 213184435 a prime number?
False
Is 5083909 a prime number?
True
Is 98862923 a composite number?
True
Is 5852191 composite?
True
Is 43397773 prime?
True
Is 505277 prime?
True
Is 2395271 a composite number?
False
Is 3011347 a prime number?
False
Is 4075453 prime?
False
Is 7945061 a composite number?
True
Is 1154071 a prime number?
False
Is 15207263 a composite number?
True
Is 620203